{"id":73,"date":"2023-07-16T21:16:48","date_gmt":"2023-07-16T21:16:48","guid":{"rendered":"https:\/\/hightexsoftware.com\/?page_id=73"},"modified":"2023-07-16T21:18:53","modified_gmt":"2023-07-16T21:18:53","slug":"colorierung","status":"publish","type":"page","link":"https:\/\/hightexsoftware.com\/?page_id=73&lang=de","title":{"rendered":"Farbmetrik"},"content":{"rendered":"\n<p>In der Farbmetrik unterscheiden wir zwei Arbeitsweisen:<\/p>\n\n\n\n<ul class=\"wp-block-list\">\n<li>Klassische Farbberechnungen basierend auf Spektraldaten (Kubelka-Munk).<\/li>\n\n\n\n<li>Farbinterpolation basierend auf ICC-Profilen.<\/li>\n<\/ul>\n\n\n\n<p>Es werden Spektralphotometer angesteuert (z.B. X-Rite Ci64). Unterst\u00fctzt werden verschiedene Lichtarten: D65, D50, A,TL84.<br>Neben CIELAB dE wird auch die Farbabstandsformel CMC(2:1) verwendet.<br>Durch genaue Bestimmung der Drucker Tropfengr\u00f6\u00dfe (3 &#8211; 45 ng) ist es m\u00f6glich Farbmengenrezepturen, die in g\/kg definiert sind, zu interpretieren.<br>Segmentierung des Farbraums (3er- Kombinationen) m\u00f6glich und bevorzugt.<br>Erstellung von besseren &#8222;textilen&#8220; ICC-Profilen in der Entwicklung.<\/p>\n","protected":false},"excerpt":{"rendered":"<p>In der Farbmetrik unterscheiden wir zwei Arbeitsweisen: Es werden Spektralphotometer angesteuert (z.B. X-Rite Ci64). Unterst\u00fctzt werden verschiedene Lichtarten: D65, D50, A,TL84.Neben CIELAB dE wird auch die Farbabstandsformel CMC(2:1) verwendet.Durch genaue Bestimmung der Drucker Tropfengr\u00f6\u00dfe (3 &#8211; 45 ng) ist es m\u00f6glich Farbmengenrezepturen, die in g\/kg definiert sind, zu interpretieren.Segmentierung des Farbraums (3er- Kombinationen) m\u00f6glich und &hellip;<\/p>\n","protected":false},"author":1,"featured_media":0,"parent":0,"menu_order":0,"comment_status":"closed","ping_status":"closed","template":"","meta":{"footnotes":""},"class_list":["post-73","page","type-page","status-publish","hentry"],"_links":{"self":[{"href":"https:\/\/hightexsoftware.com\/index.php?rest_route=\/wp\/v2\/pages\/73","targetHints":{"allow":["GET"]}}],"collection":[{"href":"https:\/\/hightexsoftware.com\/index.php?rest_route=\/wp\/v2\/pages"}],"about":[{"href":"https:\/\/hightexsoftware.com\/index.php?rest_route=\/wp\/v2\/types\/page"}],"author":[{"embeddable":true,"href":"https:\/\/hightexsoftware.com\/index.php?rest_route=\/wp\/v2\/users\/1"}],"replies":[{"embeddable":true,"href":"https:\/\/hightexsoftware.com\/index.php?rest_route=%2Fwp%2Fv2%2Fcomments&post=73"}],"version-history":[{"count":2,"href":"https:\/\/hightexsoftware.com\/index.php?rest_route=\/wp\/v2\/pages\/73\/revisions"}],"predecessor-version":[{"id":75,"href":"https:\/\/hightexsoftware.com\/index.php?rest_route=\/wp\/v2\/pages\/73\/revisions\/75"}],"wp:attachment":[{"href":"https:\/\/hightexsoftware.com\/index.php?rest_route=%2Fwp%2Fv2%2Fmedia&parent=73"}],"curies":[{"name":"wp","href":"https:\/\/api.w.org\/{rel}","templated":true}]}}